*n(m). Determine h(5).
7
Let g(f) = 15*f**2 + 1. Let a = 255 + -254. Calculate g(a).
16
Let p(z) = -4*z + z + 0*z**3 - 1 - 2*z**3 - 3*z**2. Let c be 4/(9/(18/4)). Suppose c*n + 5 = 1. Give p(n).
9
Let d = 0 - -12. Suppose 0 = -3*r - d - 6. Let h be r*(-2)/4*2. Let z(w) = 3*w - 8. What is z(h)?
10
Suppose -6*u + 26*u = 0. Let o(c) = c**2 - c + 9. Calculate o(u).
9
Let h(r) = -r**2 - 18*r - 5. Suppose -134 = -7*l - 260. Calculate h(l).
-5
Suppose -6*u + 3*u = -96. Let w(m) = 60*m - u*m - 6 - 31*m. Calculate w(-6).
12
Let o(w) = w**2 + 3*w + 2. Let u(r) = -r**3 - 4*r**2 + 75*r + 5. Let h be u(7). Suppose 0 = -3*k - 0*k - 15. Let d = h - k. Give o(d).
6
Suppose -2*n = -0*b + 5*b + 11, -6 = 2*n. Let j(s) = -3*s**2 - 5*s**2 + 6*s**2 - 3*s**2 - s. Calculate j(b).
-4
Let h(j) = 5*j + 14. Let w(q) = 5*q + 12. Let c(o) = -3*h(o) + 4*w(o). Give c(-4).
-14
Let f(b) = 4*b**3 - 4*b**2 + 3*b + 5. Let z(u) = u**3 + u. Let v(i) = -f(i) + 3*z(i). What is v(3)?
4
Let o = -21 + 23. Suppose o*c = 4*k + 14, -6*c = -5*c + 5*k + 7. Let m(u) = -u**3 + 4*u**2 - 1. Determine m(c).
8
Let h(y) be the first derivative of -y**6/360 + y**5/30 + 4*y**3 - 7. Let r(v) be the third derivative of h(v). What is r(4)?
0
Let b(u) be the third derivative of -11*u**4/24 + u**3/2 - 16*u**2 - 7. What is b(4)?
-41
Let m(r) be the first derivative of -3*r**2/2 + 3*r - 118. Give m(3).
-6
Suppose b + 3*x = 4*x - 6, x = -b. Let h(o) be the first derivative of -3*o - 2 - 5/2*o**2. Calculate h(b).
12
Let w(d) = -d**3 - 7*d**2 - 2*d - 10. Let o be w(-7). Let i(f) = -44*f - o + 81*f - 43*f. Determine i(3).
-22
Let c(f) be the first derivative of -f**3/3 + 5*f - 53. Suppose -14 + 4 = -3*l + 2*j, -5*j = l + 8. Suppose l*n - 4*n = 0. Calculate c(n).
5
Let g(l) be the third derivative of -l**5/60 - l**4/4 - l**3/2 - 2*l**2. Let y = 3 + -11. Let r be 36/(-16)*y/(-3). Calculate g(r).
-3
Let i(a) = -6*a**2 - 2 + 5*a**2 - 11*a + 12*a. Calculate i(3).
-8
Let z(m) = -4*m + 2. Let c(s) = -s + 1. Let j(v) = 3*v**2 + 2. Let b be j(1). Let r(p) = b*c(p) - z(p). Give r(3).
0
Let r be (-20)/(-3) + (-8)/12. Suppose 6 = 4*d - r*d. Let n(p) = -p - 1 - 5 + 2. Give n(d).
-1
Suppose -7 = -4*q + 13. Let a(b) = b**2 - 6*b + 10. Let s be a(q). Let n(h) = 1 - s*h**3 - 2 + 7*h**3 - h + h**2. Give n(-1).
-1
Let o(k) = 4*k**2 + 6*k + 4. Suppose 2*r + 17 + 5 = -4*l, 3*r + 17 = -2*l. Let q(n) = n**2 + 1. Let m(z) = r*q(z) + o(z). Calculate m(-6).
1
Let c(k) = -k - 3. Suppose 4*s - 3 = 3*s. Suppose d = s*d + 10. What is c(d)?
2
Let d(n) = -n**3 - n**2 + 1. Let m be d(-1). Let o(k) = 10*k**2 - 2*k + 1. Calculate o(m).
9
Suppose 46*w = 44*w + 16. Let a(c) = -1 + w - 4 + c. Calculate a(-9).
-6
Let r(c) = c + 25. Suppose -27 = -2*o + 3*h, 2*h - 4*h = -o + 13. Suppose -12*x = -o*x. Give r(x).
25
Let t = -5 + -1. Let d(m) be the third derivative of -m**5/60 - m**4/3 - m**3 - 31*m**2. Calculate d(t).
6
Let v(m) be the first derivative of -3*m**2/2 - 2. Let o = -215 + 214. What is v(o)?
3
Let j(i) = 0*i + 10 + i - i**2 - 36 + 8*i**3 + 27. Determine j(-1).
-9
Let s(c) = 14*c - 4. Let v(l) = 5*l - 1. Let q(h) = 6*s(h) - 17*v(h). Suppose 0 = -2*d - 9*d - 77. Calculate q(d).
0
Let r(p) be the third derivative of -p**4/12 + 5*p**3/3 + 283*p**2. Calculate r(-5).
20
Let y(l) = -l - 2. Let w(q) = 0*q**2 - q - 4 + 4*q**3 - 2*q**2 + 2*q**3 - 5*q**3. Let j be w(3). Suppose -4*f - 16 = -4*d, j*d = 5*f - 0 + 2. Determine y(d).
-8
Let s = -421 - -416. Let n(a) = a**2 - 6. Calculate n(s).
19
Let c(k) = 5*k**2 - 9*k + 6. Let n(f) = 14*f**2 - 28*f + 18. Let o(p) = -11*c(p) + 4*n(p). Let j = -34 + 46. Give o(j).
-6
Suppose 15 = 13*d - 8*d. Let k(j) = -j**3 - j**2 - 6*j - 1. Let m(b) = 0*b**3 - 1 + 0*b - b**3 - 5*b. Let i(o) = 3*k(o) - 4*m(o). Determine i(d).
7
Let j(a) = a**3 - 8*a**2 - 17*a + 15. Let i(g) = -3*g**3 + 23*g**2 + 48*g - 43. Let w(b) = -4*i(b) - 11*j(b). Suppose -3*x + 20 = x. Calculate w(x).
7
Let f be 1/(4/(-6)*2/4). Let k(h) = h**2 + 9*h + 5. Let n(r) = 5*r + 3. Let v(c) = f*k(c) + 5*n(c). Calculate v(-2).
-8
Let j(w) = 13*w**3 - 2*w**2 + 5*w + 6. Let u(t) = 30*t**3 - 5*t**2 + 11*t + 13. Let s(r) = -7*j(r) + 3*u(r). Let z = 5 + -7. What is s(z)?
5
Let y(x) = 3*x**2 + 4*x + 2. Suppose -7*c - 19 = -5. What is y(c)?
6
Let t(q) = -7*q**2 + 4*q + 12. Let i(s) = -s**2 - s + 2. Let o(a) = -6*i(a) + t(a). Give o(6).
24
Let m(b) = -b**2 + 13*b - 7. Let y be m(12). Let k(v) = -y*v + 2*v - 23 - 3 - 1. Let t be k(-11). Let i(q) = q + 1. Calculate i(t).
7
Let f(s) = 2*s**3 - 8*s**2 + 2*s - 1. Let z(n) = -2*n**2 - 2*n**2 + 2*n**2 + n**2. Let h(p) = f(p) - 3*z(p). What is h(3)?
14
Suppose 2*k - 8 + 0 = 0. Suppose 9*p - k*p - 10 = 0. Let g(u) = 4*u - 3. What is g(p)?
5
Let r(g) be the second derivative of 8*g**3/3 + g**2 - 21*g + 2. Determine r(-1).
-14
Let m(a) = a**2 + 3*a - 1. Let t(w) = w**3 + 6*w**2 - 3*w. Let z be t(-6). Suppose 16*j - z*j = 8. What is m(j)?
3
Let i(l) = -7 - l + 3*l + 5*l - 6*l. Calculate i(7).
0
Suppose -5*j + 12 = -j. Let n(q) = j*q**2 - 333*q + 333*q. Suppose 5*u = 4*s + 16, 3*s + 3*u + 5 - 20 = 0. What is n(s)?
3
Let t(u) = u**3 - 4*u**2 + 4*u. Let k be t(3). Suppose -3*y - 108 = k*y. Let i(q) = q**2 + 19*q + 16. Let z be i(y). Let b(o) = -3*o. Determine b(z).
6
Let q(i) be the second derivative of -1/4*i**4 + 1/3*i**3 + 9*i + 0 + 1/2*i**2. What is q(-1)?
-4
Let t(n) = -n**2 - 3*n. Suppose -4*w + 7 = 4*d - 5, 3*d = 3*w - 9. Suppose 3*f + 8 = -4*v, 4*f - w = 2*v + 1. Suppose f = 2*o + 3*o + 25. What is t(o)?
-10
Let c(q) = -q**3 + 6*q**2 - 11*q + 70. Let i be c(6). Let m(j) be the second derivative of -j**3/3 + 3*j**2/2 + j. What is m(i)?
-5
Let f be (0 + 1)/((-4)/(-20)). Suppose u - 35 = 6*u + r, -5*r + f = -5*u. Let w(g) be the third derivative of g**4/24 + 2*g**3/3 + 10*g**2. Calculate w(u).
-2
Let r(o) = o**2 + 6*o + 6. Suppose 40*n - 107*n - 335 = 0. Calculate r(n).
1
Suppose 4*u + o - 23 = -0*o, -3*u + 41 = -4*o. Let i be -1*2 - (u - (-4 - -9)). Let s(t) = t**3 + 4*t**2 + 2*t + 6. Give s(i).
-2
Let k(u) be the third derivative of u**6/120 - u**5/6 - u**3 - 188*u**2. Calculate k(10).
-6
Let n(y) = 26*y**3 - 9*y - 27*y**3 + 0 - 1 + 3 + 7*y. Calculate n(2).
-10
Let p(g) = 3*g**3 + 36*g**2 + 3*g + 29. Let j(x) = x**3 + 12*x**2 + x + 10. Let f(b) = -11*j(b) + 4*p(b). Calculate f(-12).
-6
Let g(y) = 5*y**2 + y. Suppose 0 = -9*f + 24 - 6. What is g(f)?
22
Suppose 3 = n + 3*g, -54 = -4*n - 4*g - 18. Let l = n + -5. Let q(t) = -t**3 + 8*t**2 - 7*t + 4. What is q(l)?
4
Let d(f) = -f**2 + 10*f - 9. Let g = 176 + -166. What is d(g)?
-9
Let n(f) = f**2 - 17*f + 2. Let l be n(14). Let z = l + 35. Let s(r) = -r**3 - 4*r**2 + 7*r + 3. Calculate s(z).
-7
Let p(x) = 4*x - 2. Let b be (3/(-2)*-6)/1. Suppose 0 = -2*m - f + 16, -3*f - 51 = -b*m + 4*m. Suppose -3*d - 2*l - 3*l = 9, 0 = -3*l - m. Determine p(d).
6
Let z(h) = 2*h**2 + h**3 - 9*h - 5*h**2 + 2*h**2. Let t be z(4). Let g be t*((-1)/1)/(-3). Let a(l) = l**3 - 3*l**2 - 4*l + 2. Determine a(g).
2
Let s(a) = 0*a + 0*a + 5 + a - 3 - 2*a. Let v be 2*-1 - (-2 + -5). Determine s(v).
-3
Let r(s) be the first derivative of s**4/6 - 5*s**3/6 + 2*s**2 + 19*s + 11. Let d(j) be the first derivative of r(j). Calculate d(3).
7
Let h(u) = -3*u**2 - 4*u + 1. Let a = -16 + 20. Suppose 0 = -2*b - 2, -a*r - 1 - 7 = -4*b. Give h(r).
-14
Let x(h) = -h**3 - 6*h**2 - 4*h - 4. Let n = 27 + -22. Suppose r = -0*r - n. Calculate x(r).
-9
Let a(u) = -10*u + u**2 + 18*u - 5 - 12*u. Let x(d) = 6*d**2 + 3*d + 2. Let h be x(-2). Suppose 14 = -s + h. Calculate a(s).
7
Let q(u) be the third derivative of -u**5/60 + 7*u**4/24 + 7*u**3/6 - 165*u**2. Calculate q(6).
13
Suppose 0*r - 32 = -8*r. Suppose 50 = 5*j - 5*t, j - 6*j + r*t = -46. Let m(w) = -w**2 + 8*w - 5. Give m(j).
7
Let t be (-2)/3*6*-1. Let u(z) = 25382 - 2*z - 25382. What is u(t)?
-8
Suppose 2*r - 40 = -44. Let l(c) = c**2 + 2*c + 1. What is l(r)?
1
Let s(n) = n**2 - 3*n + 2. Let o(r) = 2*r**2 + 3*r - 1. Let m(v) = o(v) + s(v). Give m(-1).
4
Suppose -2*s - s + 9 = 0. Let p(j) = j**3 + j**2. Let b(h) = h**3 + 4*h**2 + 2*h - 1. Let z(r) = b(r) - 2*p(r). Determine z(s).
-4
Suppose -17*o = 3*k - 14*o - 3, 3 = -5*k - o. Let r(t) = 29*t. Calculate r(k).
-29
Let k be (-18)/4*(-10)/15. Suppose -z + 4 = k*z. Let c(v) = -8*v**2 - v + 1. Give c(z).
-8
Let g(m